[INFO] fetching crate wepoll-sys-stjepang 1.0.6...
[INFO] checking wepoll-sys-stjepang-1.0.6 against try#72f88fc4e9458f89516a0b8b0868f3718aec5b47 for pr-74989
[INFO] extracting crate wepoll-sys-stjepang 1.0.6 into /workspace/builds/worker-9/source
[INFO] validating manifest of crates.io crate wepoll-sys-stjepang 1.0.6 on toolchain 72f88fc4e9458f89516a0b8b0868f3718aec5b47
[INFO] running `Command { std: "/workspace/cargo-home/bin/cargo" "+72f88fc4e9458f89516a0b8b0868f3718aec5b47" "read-manifest" "--manifest-path" "Cargo.toml", kill_on_drop: false }`
[INFO] started tweaking crates.io crate wepoll-sys-stjepang 1.0.6
[INFO] finished tweaking crates.io crate wepoll-sys-stjepang 1.0.6
[INFO] tweaked toml for crates.io crate wepoll-sys-stjepang 1.0.6 written to /workspace/builds/worker-9/source/Cargo.toml
[INFO] running `Command { std: "/workspace/cargo-home/bin/cargo" "+72f88fc4e9458f89516a0b8b0868f3718aec5b47" "generate-lockfile" "--manifest-path" "Cargo.toml" "-Zno-index-update", kill_on_drop: false }`
[INFO] running `Command { std: "/workspace/cargo-home/bin/cargo" "+72f88fc4e9458f89516a0b8b0868f3718aec5b47" "fetch" "--locked" "--manifest-path" "Cargo.toml", kill_on_drop: false }`
[INFO] [stderr]     Blocking waiting for file lock on package cache
[INFO] running `Command { std: "docker" "create" "-v" "/var/lib/crater-agent-workspace/builds/worker-9/target:/opt/rustwide/target:rw,Z" "-v" "/var/lib/crater-agent-workspace/builds/worker-9/source:/opt/rustwide/workdir:ro,Z" "-v" "/var/lib/crater-agent-workspace/cargo-home:/opt/rustwide/cargo-home:ro,Z" "-v" "/var/lib/crater-agent-workspace/rustup-home:/opt/rustwide/rustup-home:ro,Z" "-e" "SOURCE_DIR=/opt/rustwide/workdir" "-e" "CARGO_TARGET_DIR=/opt/rustwide/target" "-e" "CARGO_HOME=/opt/rustwide/cargo-home" "-e" "RUSTUP_HOME=/opt/rustwide/rustup-home" "-w" "/opt/rustwide/workdir" "-m" "1610612736" "--user" "0:0" "--network" "none" "rustops/crates-build-env@sha256:d92eaeed33fa75130ca1ee6c8a01d1ffb62bac859dfdfb3450e3e5d1c0146529" "/opt/rustwide/cargo-home/bin/cargo" "+72f88fc4e9458f89516a0b8b0868f3718aec5b47" "metadata" "--no-deps" "--format-version=1", kill_on_drop: false }`
[INFO] [stdout] c8dffb83a2a818689480fa06aae399faf555dc8ef02d70ccd4108ef5c258d2ad
[INFO] [stderr] WARNING: Your kernel does not support swap limit capabilities or the cgroup is not mounted. Memory limited without swap.
[INFO] running `Command { std: "docker" "start" "-a" "c8dffb83a2a818689480fa06aae399faf555dc8ef02d70ccd4108ef5c258d2ad", kill_on_drop: false }`
[INFO] running `Command { std: "docker" "inspect" "c8dffb83a2a818689480fa06aae399faf555dc8ef02d70ccd4108ef5c258d2ad", kill_on_drop: false }`
[INFO] running `Command { std: "docker" "rm" "-f" "c8dffb83a2a818689480fa06aae399faf555dc8ef02d70ccd4108ef5c258d2ad", kill_on_drop: false }`
[INFO] [stdout] c8dffb83a2a818689480fa06aae399faf555dc8ef02d70ccd4108ef5c258d2ad
[INFO] running `Command { std: "docker" "create" "-v" "/var/lib/crater-agent-workspace/builds/worker-9/target:/opt/rustwide/target:rw,Z" "-v" "/var/lib/crater-agent-workspace/builds/worker-9/source:/opt/rustwide/workdir:ro,Z" "-v" "/var/lib/crater-agent-workspace/cargo-home:/opt/rustwide/cargo-home:ro,Z" "-v" "/var/lib/crater-agent-workspace/rustup-home:/opt/rustwide/rustup-home:ro,Z" "-e" "SOURCE_DIR=/opt/rustwide/workdir" "-e" "CARGO_TARGET_DIR=/opt/rustwide/target" "-e" "CARGO_INCREMENTAL=0" "-e" "RUST_BACKTRACE=full" "-e" "RUSTFLAGS=--cap-lints=forbid" "-e" "CARGO_HOME=/opt/rustwide/cargo-home" "-e" "RUSTUP_HOME=/opt/rustwide/rustup-home" "-w" "/opt/rustwide/workdir" "-m" "1610612736" "--user" "0:0" "--network" "none" "rustops/crates-build-env@sha256:d92eaeed33fa75130ca1ee6c8a01d1ffb62bac859dfdfb3450e3e5d1c0146529" "/opt/rustwide/cargo-home/bin/cargo" "+72f88fc4e9458f89516a0b8b0868f3718aec5b47" "check" "--frozen" "--all" "--all-targets" "--message-format=json", kill_on_drop: false }`
[INFO] [stdout] 596c730f5005032a9eb6e28530442be774051d01da1a24c307a7bc37a55d563e
[INFO] [stderr] WARNING: Your kernel does not support swap limit capabilities or the cgroup is not mounted. Memory limited without swap.
[INFO] running `Command { std: "docker" "start" "-a" "596c730f5005032a9eb6e28530442be774051d01da1a24c307a7bc37a55d563e", kill_on_drop: false }`
[INFO] [stderr]     Blocking waiting for file lock on package cache
[INFO] [stderr]    Compiling wepoll-sys-stjepang v1.0.6 (/opt/rustwide/workdir)
[INFO] [stderr] warning: /opt/rustwide/target/debug/build/wepoll-sys-stjepang-3424c4eadf9aa4c6/out/wepoll-build/wepoll.c:143:10: fatal error: WS2tcpip.h: No such file or directory
[INFO] [stderr] warning:   143 | #include <WS2tcpip.h>
[INFO] [stderr] warning:       |          ^~~~~~~~~~~~
[INFO] [stderr] warning: compilation terminated.
[INFO] [stdout] error[E0433]: failed to resolve: could not find `windows` in `os`
[INFO] [stdout]   --> src/lib.rs:12:18
[INFO] [stdout]    |
[INFO] [stdout] 12 |     use std::os::windows::io::AsRawSocket;
[INFO] [stdout]    |                  ^^^^^^^ could not find `windows` in `os`
[INFO] [stdout] 
[INFO] [stdout] 
[INFO] [stdout] error[E0599]: no method named `as_raw_socket` found for struct `UdpSocket` in the current scope
[INFO] [stdout]   --> src/lib.rs:34:24
[INFO] [stdout]    |
[INFO] [stdout] 34 |                 socket.as_raw_socket() as usize,
[INFO] [stdout]    |                        ^^^^^^^^^^^^^ method not found in `UdpSocket`
[INFO] [stdout] 
[INFO] [stdout] 
[INFO] [stdout] error: aborting due to 2 previous errors
[INFO] [stdout] 
[INFO] [stdout] 
[INFO] [stdout] Some errors have detailed explanations: E0433, E0599.
[INFO] [stdout] 
[INFO] [stdout] For more information about an error, try `rustc --explain E0433`.
[INFO] [stdout] 
[INFO] [stderr] The following warnings were emitted during compilation:
[INFO] [stderr] 
[INFO] [stderr] warning: /opt/rustwide/target/debug/build/wepoll-sys-stjepang-3424c4eadf9aa4c6/out/wepoll-build/wepoll.c:143:10: fatal error: WS2tcpip.h: No such file or directory
[INFO] [stderr] warning:   143 | #include <WS2tcpip.h>
[INFO] [stderr] warning:       |          ^~~~~~~~~~~~
[INFO] [stderr] warning: compilation terminated.
[INFO] [stderr] 
[INFO] [stderr] error: could not compile `wepoll-sys-stjepang`.
[INFO] [stderr] 
[INFO] [stderr] To learn more, run the command again with --verbose.
[INFO] running `Command { std: "docker" "inspect" "596c730f5005032a9eb6e28530442be774051d01da1a24c307a7bc37a55d563e", kill_on_drop: false }`
[INFO] running `Command { std: "docker" "rm" "-f" "596c730f5005032a9eb6e28530442be774051d01da1a24c307a7bc37a55d563e", kill_on_drop: false }`
[INFO] [stdout] 596c730f5005032a9eb6e28530442be774051d01da1a24c307a7bc37a55d563e
